{"id":7,"date":"2026-01-03T12:06:22","date_gmt":"2026-01-03T12:06:22","guid":{"rendered":"https:\/\/campusegvn.com\/?page_id=7"},"modified":"2026-01-05T22:54:31","modified_gmt":"2026-01-05T21:54:31","slug":"home","status":"publish","type":"page","link":"https:\/\/www.campusegvn.com\/","title":{"rendered":"Accueil"},"content":{"rendered":"\n<div class=\"wp-block-cover alignfull is-light\" style=\"min-height:720px;aspect-ratio:unset;\"><span aria-hidden=\"true\" class=\"wp-block-cover__background has-background-dim-100 has-background-dim has-background-gradient\" style=\"background:linear-gradient(35deg,rgb(6,0,151) 0%,rgb(130,4,255) 73%,rgb(193,15,255) 100%)\"><\/span><div class=\"wp-block-cover__inner-container is-layout-flow wp-block-cover-is-layout-flow\">\n<div class=\"inherit-container-width wp-block-group alignwide is-layout-constrained wp-block-group-is-layout-constrained\">\n<div class=\"wp-block-group alignwide is-layout-constrained wp-block-group-is-layout-constrained\">\n<div class=\"wp-block-media-text alignwide has-media-on-the-right is-stacked-on-mobile is-vertically-aligned-center\" style=\"grid-template-columns:auto 44%\"><div class=\"wp-block-media-text__content\">\n<h1 class=\"wp-block-heading has-text-align-left has-white-color has-text-color\">Campus E.G.V.N<\/h1>\n\n\n\n<p class=\"has-luminous-vivid-amber-color has-text-color has-link-color wp-elements-60e4ff8bb560449fb46f5bf80816e3a2\">Un enseignement clair et structur\u00e9, fond\u00e9 sur la Parole de Dieu.<\/p>\n\n\n\n<p class=\"has-white-color has-text-color\">Le Campus E.G.V.N est un espace de formation et de transmission destin\u00e9 \u00e0 accompagner chaque croyant dans une compr\u00e9hension solide de l&rsquo;\u00c9vangile, de la Foi et de la vie en Christ, \u00e0 travers un parcours progressif, accessible et enracin\u00e9 dans l&rsquo;\u00c9criture.<\/p>\n\n\n\n<div class=\"wp-block-buttons is-layout-flex wp-block-buttons-is-layout-flex\">\n<div class=\"wp-block-button\"><a class=\"wp-block-button__link wp-element-button\" href=\"#\">D\u00e9couvrir le Campus<\/a><\/div>\n<\/div>\n<\/div><figure class=\"wp-block-media-text__media\"><img loading=\"lazy\" decoding=\"async\" width=\"940\" height=\"788\" src=\"https:\/\/campusegvn.com\/wp-content\/uploads\/2026\/01\/Campus-Image-Header.png\" alt=\"\" class=\"wp-image-26 size-full\" srcset=\"https:\/\/www.campusegvn.com\/wp-content\/uploads\/2026\/01\/Campus-Image-Header.png 940w, https:\/\/www.campusegvn.com\/wp-content\/uploads\/2026\/01\/Campus-Image-Header-300x251.png 300w, https:\/\/www.campusegvn.com\/wp-content\/uploads\/2026\/01\/Campus-Image-Header-768x644.png 768w\" sizes=\"auto, (max-width: 940px) 100vw, 940px\" \/><\/figure><\/div>\n<\/div>\n<\/div>\n<\/div><\/div>\n\n\n\n<div class=\"wp-block-group alignfull has-ast-global-color-5-background-color has-background is-layout-constrained wp-container-core-group-is-layout-9cedb757 wp-block-group-is-layout-constrained\" style=\"padding-bottom:0px\">\n<div class=\"wp-block-columns are-vertically-aligned-top is-layout-flex wp-container-core-columns-is-layout-00723822 wp-block-columns-is-layout-flex\">\n<div class=\"wp-block-column is-vertically-aligned-top is-layout-flow wp-container-core-column-is-layout-6b73ce23 wp-block-column-is-layout-flow\">\n<figure class=\"wp-block-image size-large\"><img decoding=\"async\" src=\"https:\/\/campusegvn.com\/wp-content\/themes\/astra\/inc\/assets\/images\/starter-content\/building.svg\" alt=\"\" class=\"wp-image-134\"\/><\/figure>\n\n\n\n<h3 class=\"wp-block-heading has-text-align-left\" style=\"margin-top:16px\">Formation biblique<\/h3>\n\n\n\n<p class=\"has-text-align-left\">Un enseignement clair, structur\u00e9 et progressif, fond\u00e9 sur la Parole de Dieu, pour poser des bases solides dans la Foi chr\u00e9tienne.<\/p>\n<\/div>\n\n\n\n<div class=\"wp-block-column is-vertically-aligned-top is-layout-flow wp-container-core-column-is-layout-6b73ce23 wp-block-column-is-layout-flow\">\n<figure class=\"wp-block-image size-large\"><img decoding=\"async\" src=\"https:\/\/campusegvn.com\/wp-content\/themes\/astra\/inc\/assets\/images\/starter-content\/shopping-bag.svg\" alt=\"\" class=\"wp-image-135\"\/><\/figure>\n\n\n\n<h3 class=\"wp-block-heading has-text-align-left\" style=\"margin-top:16px\">Parcours progressif<\/h3>\n\n\n\n<p class=\"has-text-align-left\">Un cheminement p\u00e9dagogique organis\u00e9 par niveaux, permettant \u00e0 chacun d&rsquo;avancer \u00e9tape par \u00e9tape, selon sa maturit\u00e9 spirituelle.<\/p>\n<\/div>\n\n\n\n<div class=\"wp-block-column is-vertically-aligned-top is-layout-flow wp-container-core-column-is-layout-6b73ce23 wp-block-column-is-layout-flow\">\n<figure class=\"wp-block-image size-large\"><img decoding=\"async\" src=\"https:\/\/campusegvn.com\/wp-content\/themes\/astra\/inc\/assets\/images\/starter-content\/blog.svg\" alt=\"\" class=\"wp-image-136\"\/><\/figure>\n\n\n\n<h3 class=\"wp-block-heading has-text-align-left\" style=\"margin-top:16px\">Accompagnement<\/h3>\n\n\n\n<p class=\"has-text-align-left\">Le Campus s&rsquo;inscrit dans la vie de l&rsquo;\u00c9glise, en lien avec les Groupes de Maison, pour favoriser la croissance, l&rsquo;\u00e9change et l&rsquo;application concr\u00e8te.<\/p>\n<\/div>\n\n\n\n<div class=\"wp-block-column is-vertically-aligned-top is-layout-flow wp-container-core-column-is-layout-6b73ce23 wp-block-column-is-layout-flow\">\n<figure class=\"wp-block-image size-large\"><img decoding=\"async\" src=\"https:\/\/campusegvn.com\/wp-content\/themes\/astra\/inc\/assets\/images\/starter-content\/portfolio.svg\" alt=\"\" class=\"wp-image-137\"\/><\/figure>\n\n\n\n<h3 class=\"wp-block-heading has-text-align-left\" style=\"margin-top:16px\">Transmission durable<\/h3>\n\n\n\n<p class=\"has-text-align-left\">Former aujourd&rsquo;hui pour \u00e9quiper demain : le Campus vise une transmission fid\u00e8le, reproductible et durable de l&rsquo;enseignement biblique.<\/p>\n<\/div>\n<\/div>\n<\/div>\n\n\n\n<div class=\"wp-block-group alignfull is-layout-constrained wp-container-core-group-is-layout-45b0ac4f wp-block-group-is-layout-constrained\" id=\"services\" style=\"padding-top:144px;padding-bottom:0px\">\n<h2 class=\"wp-block-heading\">Les parcours du Campus<\/h2>\n\n\n\n<div class=\"wp-block-columns is-layout-flex wp-container-core-columns-is-layout-60cbf9bb wp-block-columns-is-layout-flex\" style=\"margin-top:50px\">\n<div class=\"wp-block-column is-layout-flow wp-container-core-column-is-layout-6b73ce23 wp-block-column-is-layout-flow\">\n<figure class=\"wp-block-image size-full\"><img loading=\"lazy\" decoding=\"async\" width=\"940\" height=\"788\" src=\"https:\/\/campusegvn.com\/wp-content\/uploads\/2026\/01\/Niveau-Alpha.png\" alt=\"\" class=\"wp-image-29\" srcset=\"https:\/\/www.campusegvn.com\/wp-content\/uploads\/2026\/01\/Niveau-Alpha.png 940w, https:\/\/www.campusegvn.com\/wp-content\/uploads\/2026\/01\/Niveau-Alpha-300x251.png 300w, https:\/\/www.campusegvn.com\/wp-content\/uploads\/2026\/01\/Niveau-Alpha-768x644.png 768w\" sizes=\"auto, (max-width: 940px) 100vw, 940px\" \/><\/figure>\n\n\n\n<h3 class=\"wp-block-heading\" style=\"margin-top:16px\">Niveau Alpha<\/h3>\n\n\n\n<p>Les fondements essentiels de la Foi chr\u00e9tienne : Salut, Nouvelle Naissance, Parole de Dieu, Identit\u00e9 en Christ et vie selon l&rsquo;Esprit.<\/p>\n<\/div>\n\n\n\n<div class=\"wp-block-column is-layout-flow wp-container-core-column-is-layout-6b73ce23 wp-block-column-is-layout-flow\">\n<figure class=\"wp-block-image size-full\"><img loading=\"lazy\" decoding=\"async\" width=\"940\" height=\"788\" src=\"https:\/\/campusegvn.com\/wp-content\/uploads\/2026\/01\/La-formation-se-poursuit.png\" alt=\"\" class=\"wp-image-31\" srcset=\"https:\/\/www.campusegvn.com\/wp-content\/uploads\/2026\/01\/La-formation-se-poursuit.png 940w, https:\/\/www.campusegvn.com\/wp-content\/uploads\/2026\/01\/La-formation-se-poursuit-300x251.png 300w, https:\/\/www.campusegvn.com\/wp-content\/uploads\/2026\/01\/La-formation-se-poursuit-768x644.png 768w\" sizes=\"auto, (max-width: 940px) 100vw, 940px\" \/><\/figure>\n\n\n\n<h3 class=\"wp-block-heading\" style=\"margin-top:16px\">La formation se poursuit<\/h3>\n\n\n\n<p>Des parcours compl\u00e9mentaires destin\u00e9s \u00e0 approfondir la maturit\u00e9 spirituelle, la compr\u00e9hension biblique et la vie de disciple.<\/p>\n<\/div>\n\n\n\n<div class=\"wp-block-column is-layout-flow wp-container-core-column-is-layout-6b73ce23 wp-block-column-is-layout-flow\">\n<figure class=\"wp-block-image size-full\"><img loading=\"lazy\" decoding=\"async\" width=\"940\" height=\"788\" src=\"https:\/\/campusegvn.com\/wp-content\/uploads\/2026\/01\/Equipement-des-disciples.png\" alt=\"\" class=\"wp-image-32\" srcset=\"https:\/\/www.campusegvn.com\/wp-content\/uploads\/2026\/01\/Equipement-des-disciples.png 940w, https:\/\/www.campusegvn.com\/wp-content\/uploads\/2026\/01\/Equipement-des-disciples-300x251.png 300w, https:\/\/www.campusegvn.com\/wp-content\/uploads\/2026\/01\/Equipement-des-disciples-768x644.png 768w\" sizes=\"auto, (max-width: 940px) 100vw, 940px\" \/><\/figure>\n\n\n\n<h3 class=\"wp-block-heading\" style=\"margin-top:16px\">\u00c9quipement des disciples<\/h3>\n\n\n\n<p>Une formation orient\u00e9e vers la mise en pratique, la transmission et le service, au c\u0153ur de l&rsquo;\u00c9glise et dans la vie quotidienne.<\/p>\n<\/div>\n<\/div>\n<\/div>\n\n\n\n<div class=\"wp-block-group alignfull has-ast-global-color-5-background-color has-background is-layout-constrained wp-container-core-group-is-layout-94d206d0 wp-block-group-is-layout-constrained\" id=\"about\" style=\"padding-top:143px;padding-bottom:144px\">\n<div class=\"wp-block-media-text has-media-on-the-right is-stacked-on-mobile is-vertically-aligned-center\"><div class=\"wp-block-media-text__content\">\n<div class=\"inherit-container-width wp-block-group is-layout-constrained wp-container-core-group-is-layout-47ce07ec wp-block-group-is-layout-constrained\" style=\"padding-right:80px\">\n<h2 class=\"wp-block-heading\" style=\"padding-right:40px\">Former des disciples enracin\u00e9s et affermis dans la Foi<\/h2>\n\n\n\n<p>Le Campus EGVN est n\u00e9 d&rsquo;un constat simple : la Croissance Spirituelle durable n\u00e9cessite un enseignement structur\u00e9, fid\u00e8le \u00e0 l&rsquo;\u00e9criture et inscrit dans la vie de l&rsquo;\u00c9glise.<\/p>\n\n\n\n<p>\u00c0 travers des contenus progressifs et accessibles, le Campus accompagne chaque croyant dans la compr\u00e9hension du salut, de la Foi, de l&rsquo;identit\u00e9 en Christ et de la vie selon l&rsquo;Esprit, afin de poser des fondations solides et durables.<\/p>\n<\/div>\n<\/div><figure class=\"wp-block-media-text__media\"><img loading=\"lazy\" decoding=\"async\" width=\"940\" height=\"788\" src=\"https:\/\/campusegvn.com\/wp-content\/uploads\/2026\/01\/Former-des-disciples-2-.png\" alt=\"\" class=\"wp-image-34 size-full\" srcset=\"https:\/\/www.campusegvn.com\/wp-content\/uploads\/2026\/01\/Former-des-disciples-2-.png 940w, https:\/\/www.campusegvn.com\/wp-content\/uploads\/2026\/01\/Former-des-disciples-2--300x251.png 300w, https:\/\/www.campusegvn.com\/wp-content\/uploads\/2026\/01\/Former-des-disciples-2--768x644.png 768w\" sizes=\"auto, (max-width: 940px) 100vw, 940px\" \/><\/figure><\/div>\n<\/div>\n\n\n\n<div class=\"wp-block-group alignfull has-ast-global-color-4-background-color has-background is-layout-constrained wp-container-core-group-is-layout-6a2cfb7b wp-block-group-is-layout-constrained\" id=\"reviews\">\n<figure class=\"wp-block-image aligncenter size-full is-resized\"><img loading=\"lazy\" decoding=\"async\" width=\"940\" height=\"788\" src=\"https:\/\/campusegvn.com\/wp-content\/uploads\/2026\/01\/Violet-1-1.png\" alt=\"\" class=\"wp-image-38\" style=\"aspect-ratio:1.1929170549860204;width:44px;height:auto\" srcset=\"https:\/\/www.campusegvn.com\/wp-content\/uploads\/2026\/01\/Violet-1-1.png 940w, https:\/\/www.campusegvn.com\/wp-content\/uploads\/2026\/01\/Violet-1-1-300x251.png 300w, https:\/\/www.campusegvn.com\/wp-content\/uploads\/2026\/01\/Violet-1-1-768x644.png 768w\" sizes=\"auto, (max-width: 940px) 100vw, 940px\" \/><\/figure>\n\n\n\n<p class=\"has-text-align-center\" style=\"font-size:22px;line-height:1.6\">\u201cLe Campus E.G.V.N a pour vocation de transmettre fid\u00e8lement les fondements bibliques, afin que chaque disciple soit affermi dans sa Foi et capable de vivre l&rsquo;\u00c9vangile avec clart\u00e9 et coh\u00e9rence.\u201d<\/p>\n\n\n\n<p class=\"has-text-align-center\"><strong>Direction du Campus EGVN<\/strong><\/p>\n<\/div>\n\n\n\n<div class=\"wp-block-group alignfull is-layout-constrained wp-container-core-group-is-layout-3fee123f wp-block-group-is-layout-constrained\" id=\"whyus\" style=\"padding-top:144px;padding-bottom:144px\">\n<h2 class=\"wp-block-heading\">Pourquoi le Campus E.G.V.N ?<\/h2>\n\n\n\n<div class=\"wp-block-columns is-layout-flex wp-container-core-columns-is-layout-29aadeec wp-block-columns-is-layout-flex\" style=\"margin-top:60px\">\n<div class=\"wp-block-column is-layout-flow wp-container-core-column-is-layout-6b73ce23 wp-block-column-is-layout-flow\">\n<figure class=\"wp-block-image size-large\"><img decoding=\"async\" src=\"https:\/\/campusegvn.com\/wp-content\/themes\/astra\/inc\/assets\/images\/starter-content\/passionate.svg\" alt=\"\" class=\"wp-image-162\"\/><\/figure>\n\n\n\n<h3 class=\"wp-block-heading\" style=\"margin-top:16px\">Fid\u00e9lit\u00e9 biblique<\/h3>\n\n\n\n<p>Tous les enseignements sont fond\u00e9s sur la Parole de Dieu, avec le souci de rester fid\u00e8les au message de l&rsquo;\u00c9vangile.<\/p>\n<\/div>\n\n\n\n<div class=\"wp-block-column is-layout-flow wp-container-core-column-is-layout-6b73ce23 wp-block-column-is-layout-flow\">\n<figure class=\"wp-block-image size-large\"><img decoding=\"async\" src=\"https:\/\/campusegvn.com\/wp-content\/themes\/astra\/inc\/assets\/images\/starter-content\/professional.svg\" alt=\"\" class=\"wp-image-163\"\/><\/figure>\n\n\n\n<h3 class=\"wp-block-heading\" style=\"margin-top:16px\">Clart\u00e9 p\u00e9dagogique<\/h3>\n\n\n\n<p>Une approche structur\u00e9e, progressive et accessible, permettant une compr\u00e9hension claire et une mise en pratique concr\u00e8te.<\/p>\n<\/div>\n\n\n\n<div class=\"wp-block-column is-layout-flow wp-container-core-column-is-layout-6b73ce23 wp-block-column-is-layout-flow\">\n<figure class=\"wp-block-image size-large\"><img decoding=\"async\" src=\"https:\/\/campusegvn.com\/wp-content\/themes\/astra\/inc\/assets\/images\/starter-content\/support.svg\" alt=\"\" class=\"wp-image-164\"\/><\/figure>\n\n\n\n<h3 class=\"wp-block-heading\" style=\"margin-top:16px\">Ancrage dans l&rsquo;\u00c9glise<\/h3>\n\n\n\n<p>Le Campus s&rsquo;inscrit pleinement dans la vie de l&rsquo;\u00c9glise EGVN et dans la dynamique des Groupes de Maison.<\/p>\n<\/div>\n<\/div>\n<\/div>\n\n\n\n<div class=\"wp-block-group alignfull has-background is-layout-constrained wp-container-core-group-is-layout-cfcca693 wp-block-group-is-layout-constrained\" id=\"contact\" style=\"background:linear-gradient(35deg,rgb(6,0,151) 0%,rgb(130,4,255) 64%,rgb(193,15,255) 98%);padding-top:104px;padding-bottom:104px\">\n<h2 class=\"wp-block-heading has-text-align-center has-text-color\" style=\"color:#ffffff\">Rejoindre le Campus E.G.V.N !<\/h2>\n\n\n\n<p class=\"has-text-align-center has-ast-global-color-7-color has-text-color has-link-color wp-elements-3b2997755ec2b6ec934a3f6bae9d4b97\">Commencer le parcours Niveau Alpha et poser des fondations solides dans la Foi.<\/p>\n\n\n\n<div class=\"wp-block-buttons alignwide is-horizontal is-content-justification-center is-layout-flex wp-container-core-buttons-is-layout-bba8380a wp-block-buttons-is-layout-flex\" style=\"margin-top:50px\">\n<div class=\"wp-block-button\"><a class=\"wp-block-button__link wp-element-button\">D\u00e9couvrir le niveau Alpha<\/a><\/div>\n<\/div>\n<\/div>\n\n\n\n<p><\/p>\n","protected":false},"excerpt":{"rendered":"<p>Formation biblique Un enseignement clair, structur\u00e9 et progressif, fond\u00e9 sur la Parole de Dieu, pour poser des bases solides dans [&hellip;]<\/p>\n","protected":false},"author":1,"featured_media":0,"parent":0,"menu_order":0,"comment_status":"closed","ping_status":"closed","template":"","meta":{"site-sidebar-layout":"no-sidebar","site-content-layout":"plain-container","ast-site-content-layout":"default","site-content-style":"default","site-sidebar-style":"default","ast-global-header-display":"","ast-banner-title-visibility":"","ast-main-header-display":"","ast-hfb-above-header-display":"","ast-hfb-below-header-display":"","ast-hfb-mobile-header-display":"","site-post-title":"disabled","ast-breadcrumbs-content":"","ast-featured-img":"","footer-sml-layout":"","ast-disable-related-posts":"","theme-transparent-header-meta":"enabled","adv-header-id-meta":"","stick-header-meta":"","header-above-stick-meta":"","header-main-stick-meta":"","header-below-stick-meta":"","astra-migrate-meta-layouts":"default","ast-page-background-enabled":"default","ast-page-background-meta":{"desktop":{"background-color":"var(--ast-global-color-5)","background-image":"","background-repeat":"repeat","background-position":"center center","background-size":"auto","background-attachment":"scroll","background-type":"","background-media":"","overlay-type":"","overlay-color":"","overlay-opacity":"","overlay-gradient":""},"tablet":{"background-color":"","background-image":"","background-repeat":"repeat","background-position":"center center","background-size":"auto","background-attachment":"scroll","background-type":"","background-media":"","overlay-type":"","overlay-color":"","overlay-opacity":"","overlay-gradient":""},"mobile":{"background-color":"","background-image":"","background-repeat":"repeat","background-position":"center center","background-size":"auto","background-attachment":"scroll","background-type":"","background-media":"","overlay-type":"","overlay-color":"","overlay-opacity":"","overlay-gradient":""}},"ast-content-background-meta":{"desktop":{"background-color":"var(--ast-global-color-4)","background-image":"","background-repeat":"repeat","background-position":"center center","background-size":"auto","background-attachment":"scroll","background-type":"","background-media":"","overlay-type":"","overlay-color":"","overlay-opacity":"","overlay-gradient":""},"tablet":{"background-color":"var(--ast-global-color-4)","background-image":"","background-repeat":"repeat","background-position":"center center","background-size":"auto","background-attachment":"scroll","background-type":"","background-media":"","overlay-type":"","overlay-color":"","overlay-opacity":"","overlay-gradient":""},"mobile":{"background-color":"var(--ast-global-color-4)","background-image":"","background-repeat":"repeat","background-position":"center center","background-size":"auto","background-attachment":"scroll","background-type":"","background-media":"","overlay-type":"","overlay-color":"","overlay-opacity":"","overlay-gradient":""}},"footnotes":""},"class_list":["post-7","page","type-page","status-publish","hentry"],"_links":{"self":[{"href":"https:\/\/www.campusegvn.com\/index.php\/wp-json\/wp\/v2\/pages\/7","targetHints":{"allow":["GET"]}}],"collection":[{"href":"https:\/\/www.campusegvn.com\/index.php\/wp-json\/wp\/v2\/pages"}],"about":[{"href":"https:\/\/www.campusegvn.com\/index.php\/wp-json\/wp\/v2\/types\/page"}],"author":[{"embeddable":true,"href":"https:\/\/www.campusegvn.com\/index.php\/wp-json\/wp\/v2\/users\/1"}],"replies":[{"embeddable":true,"href":"https:\/\/www.campusegvn.com\/index.php\/wp-json\/wp\/v2\/comments?post=7"}],"version-history":[{"count":9,"href":"https:\/\/www.campusegvn.com\/index.php\/wp-json\/wp\/v2\/pages\/7\/revisions"}],"predecessor-version":[{"id":47,"href":"https:\/\/www.campusegvn.com\/index.php\/wp-json\/wp\/v2\/pages\/7\/revisions\/47"}],"wp:attachment":[{"href":"https:\/\/www.campusegvn.com\/index.php\/wp-json\/wp\/v2\/media?parent=7"}],"curies":[{"name":"wp","href":"https:\/\/api.w.org\/{rel}","templated":true}]}}